{"id":11831,"date":"2025-10-27T17:55:04","date_gmt":"2025-10-27T16:55:04","guid":{"rendered":"https:\/\/vivi.fitactive.it\/ambition\/?post_type=product&#038;p=11831"},"modified":"2026-02-24T16:42:57","modified_gmt":"2026-02-24T15:42:57","slug":"workshop-pilates-functional","status":"publish","type":"product","link":"https:\/\/vivi.fitactive.it\/ambition\/product\/workshop-pilates-functional\/","title":{"rendered":"Workshop Pilates Functional"},"content":{"rendered":"\t\t<div data-elementor-type=\"wp-post\" data-elementor-id=\"11831\" class=\"elementor elementor-11831\">\n\t\t\t\t\t\t<section class=\"elementor-section elementor-top-section elementor-element elementor-element-d16afe5 elementor-section-boxed elementor-section-height-default elementor-section-height-default\" data-id=\"d16afe5\" data-element_type=\"section\" data-e-type=\"section\">\n\t\t\t\t\t\t<div class=\"elementor-container elementor-column-gap-default\">\n\t\t\t\t\t<div class=\"elementor-column elementor-col-100 elementor-top-column elementor-element elementor-element-d56187a kt-display-default\" data-id=\"d56187a\" data-element_type=\"column\" data-e-type=\"column\">\n\t\t\t<div class=\"elementor-widget-wrap\">\n\t\t\t\t\t\t\t<\/div>\n\t\t<\/div>\n\t\t\t\t\t<\/div>\n\t\t<\/section>\n\t\t\t\t<\/div>\n\t\t","protected":false},"excerpt":{"rendered":"<p class=\"p2\" style=\"text-align: justify; background: white; margin: 0cm 0cm 7.5pt 0cm;\">Questa forazione e dedicata a tutti gli istruttori di Pilates e Functional Training che desiderano approfondire le possibilit\u00e0 di integrare i due protocolli in modo armonioso e funzionale.<\/p>\n<p>Attraverso laboratori teorici e pratici scoprirete come combinare esercizi di Pilates con quelli funzionali per massimizzare i benefici sul corpo, migliorare la forza, la stabilit\u00e0 e la mobilit\u00e0, e rendere le lezioni pi\u00f9 dinamiche e coinvolgenti<\/p>\n<p><span style=\"font-size: 11.5pt; font-family: Helvetica; color: #262626;\"><strong>Prossima formazione: 22 Febbraio 2026<\/strong> &#8211; presso la sede di\u00a0<strong>PilActive Sesto San Giovanni<\/strong><\/span><\/p>\n<p><strong>Per info contattaci a:<\/strong> <a href=\"mailto:corsidigruppo@fitactive.it\">corsidigruppo@fitactive.it<\/a><\/p>\n","protected":false},"featured_media":11833,"template":"","meta":[],"product_brand":[],"product_cat":[125],"product_tag":[],"class_list":{"0":"post-11831","1":"product","2":"type-product","3":"status-publish","4":"has-post-thumbnail","6":"product_cat-workshop","8":"first","9":"instock","10":"taxable","11":"shipping-taxable","12":"purchasable","13":"product-type-variable"},"jetpack_sharing_enabled":true,"_links":{"self":[{"href":"https:\/\/vivi.fitactive.it\/ambition\/wp-json\/wp\/v2\/product\/11831","targetHints":{"allow":["GET"]}}],"collection":[{"href":"https:\/\/vivi.fitactive.it\/ambition\/wp-json\/wp\/v2\/product"}],"about":[{"href":"https:\/\/vivi.fitactive.it\/ambition\/wp-json\/wp\/v2\/types\/product"}],"version-history":[{"count":2,"href":"https:\/\/vivi.fitactive.it\/ambition\/wp-json\/wp\/v2\/product\/11831\/revisions"}],"predecessor-version":[{"id":11919,"href":"https:\/\/vivi.fitactive.it\/ambition\/wp-json\/wp\/v2\/product\/11831\/revisions\/11919"}],"wp:featuredmedia":[{"embeddable":true,"href":"https:\/\/vivi.fitactive.it\/ambition\/wp-json\/wp\/v2\/media\/11833"}],"wp:attachment":[{"href":"https:\/\/vivi.fitactive.it\/ambition\/wp-json\/wp\/v2\/media?parent=11831"}],"wp:term":[{"taxonomy":"product_brand","embeddable":true,"href":"https:\/\/vivi.fitactive.it\/ambition\/wp-json\/wp\/v2\/product_brand?post=11831"},{"taxonomy":"product_cat","embeddable":true,"href":"https:\/\/vivi.fitactive.it\/ambition\/wp-json\/wp\/v2\/product_cat?post=11831"},{"taxonomy":"product_tag","embeddable":true,"href":"https:\/\/vivi.fitactive.it\/ambition\/wp-json\/wp\/v2\/product_tag?post=11831"}],"curies":[{"name":"wp","href":"https:\/\/api.w.org\/{rel}","templated":true}]}}

<p class="p2" style="text-align: justify; background: white; margin: 0cm 0cm 7.5pt 0cm;">Questa forazione e dedicata a tutti gli istruttori di Pilates e Functional Training che desiderano approfondire le possibilità di integrare i due protocolli in modo armonioso e funzionale.</p>
<p>Attraverso laboratori teorici e pratici scoprirete come combinare esercizi di Pilates con quelli funzionali per massimizzare i benefici sul corpo, migliorare la forza, la stabilità e la mobilità, e rendere le lezioni più dinamiche e coinvolgenti</p>
<p><span style="font-size: 11.5pt; font-family: Helvetica; color: #262626;"><strong>Prossima formazione: 22 Febbraio 2026</strong> &#8211; presso la sede di <strong>PilActive Sesto San Giovanni</strong></span></p>
<p><strong>Per info contattaci a:</strong> <a href="mailto:corsidigruppo@fitactive.it">corsidigruppo@fitactive.it</a></p>
